)?
0
Let z be (-1 - (-41)/4)*4. Let h = -41 - -118. Suppose -5*b = -f + z, 5*f + b = -b + h. What is the units digit of f?
7
Let m(y) = -y - 1. Let k(n) = -n**2 - 18*n + 23. Let j(a) = k(a) - 6*m(a). What is the units digit of j(-14)?
1
Let d(j) = -13*j**3 + j**2 + 7*j + 5. Let k be d(-2). Let x = 8 + k. What is the hundreds digit of x?
1
Let k be 2/8 - 35/(-4). Let b(w) = -2*w - 18. Let j(c) = c + 9. Let d(i) = -3*b(i) - 5*j(i). What is the units digit of d(k)?
8
Suppose -1455 = 2*t - 5*x - 4437, -4439 = -3*t - x. What is the hundreds digit of t?
4
What is the tens digit of -4 - 1152/((-12)/4)?
8
Suppose 4*f - 3*f - 2 = -p, -p + 10 = 3*f. Suppose -4*q + 243 = -m, -f*q + 144 = m - 93. What is the units digit of q?
0
Let a(k) = 19*k**2 - 6*k + 17. What is the hundreds digit of a(-6)?
7
Let a = 33 + -53. Let o = 22 + a. Suppose -3*z - 5*b + o*b = -90, 4*z - 5*b - 120 = 0. What is the units digit of z?
0
Let b be 3/(9/(-12))*(1 - 2). What is the hundreds digit of -1 - (6/b)/((-4)/424)?
1
Let k(q) = -q + 19. Let z be k(19). Suppose 5*w = 4*n - 5, -3*w + 12 - 3 = z. Suppose -30 = -0*f - f - 5*h, 60 = 5*f - n*h. What is the units digit of f?
5
Suppose 0 = 4*l - 2*h - 6120, 0 = l - 3*h - 278 - 1242. What is the units digit of l?
2
Let o = 48 - 24. What is the units digit of (13/2)/(4/o)?
9
Suppose 0*w = -4*w - 2*t - 98, 0 = 4*w - 2*t + 94. Let s = 132 - 84. Let k = s + w. What is the tens digit of k?
2
Let a(n) = n**3 + 5*n**2 - 7*n - 2. Let w be a(-6). Let r(o) = 4*o**2 - 9*o - 3. What is the tens digit of r(w)?
2
Let c(x) = -276*x + 353. What is the hundreds digit of c(-8)?
5
Suppose 2*d = u - 1205, -4*u + d + 1200 = -3*u. What is the hundreds digit of u?
1
Let a = 38 - 33. Suppose 0 = -2*q - 3*n - 2*n + a, 2*n + 7 = q. Suppose -q*o + l + 215 = 0, 3*o - 161 = -4*l - 32. What is the tens digit of o?
4
What is the hundreds digit of ((-3)/((-18)/(-8)))/(16/(-8904))?
7
Let h(l) = l**3 + 21*l**2 + 53*l - 16. Let c be h(-18). Suppose -c - 4 = 3*w, 5*p - 1143 = -w. What is the hundreds digit of p?
2
Let b(u) = -30*u - 16. Let c be b(6). What is the tens digit of -1*c/4 + -4?
4
Suppose 12106 + 36140 = 51*h. What is the hundreds digit of h?
9
Let n = 12 - 9. Let x = n - -11. What is the tens digit of x?
1
Let j = 2492 - 668. What is the units digit of j?
4
Let c(z) = 6*z**2 + 12*z - 14. What is the units digit of c(2)?
4
Let q(k) = -k + 5. Let m be q(0). Suppose 0*d + 5*r = 4*d - 32, -5*r = 5*d + m. What is the units digit of (1 + -13)*(-2)/d?
8
Suppose 0 = 4*b + 542 - 2246. What is the tens digit of b?
2
Let a(y) = y**3 - y**2 - 4*y - 11. Let i be a(-6). Let b = -103 - i. Suppose d + 3*n = 20, -n - 2*n = -5*d + b. What is the tens digit of d?
2
Let z(d) = d**3 + 6*d**2 + 4*d - 2. Let r be z(-5). Suppose 2*c - 636 = -r*i - 243, -2*i + 262 = 3*c. What is the hundreds digit of i?
1
Let c(b) = b**2 + 4*b. What is the hundreds digit of c(24)?
6
Suppose -4*d = 2*p - 12, p = 3*d - 2*p - 18. Suppose -d = w - 3*k - 17, -4*w + 66 = -5*k. What is the units digit of w?
9
Suppose -2*q - 2*o = 4, -2*q + 2*o - 3*o = 7. What is the tens digit of (q/15)/(3*2/(-2358))?
3
Suppose -5*h - y - 49 = -3, 0 = 4*h - 4*y + 56. What is the units digit of 5*(1 - 166/h)?
8
Suppose 2*q = 5*q. Let d(f) = 10*f - 117. Let c be d(12). Suppose q = -c*y - 0*y + 84. What is the tens digit of y?
2
Suppose -4*s - 3*n + n + 8 = 0, 4*n = 2*s - 14. Let h = -192 - -306. Suppose 107 = s*c - 4*b - 16, 0 = 3*c - b - h. What is the tens digit of c?
3
Suppose 26 + 6 = 8*n. Suppose 4*d = n*m - 236, -m - 2*d + 58 = -4*d. What is the units digit of m?
0
What is the thousands digit of (-42)/49 + -5*7890/(-14)?
2
Suppose -5*b + r + r + 14 = 0, -5*r = -2*b + 14. Suppose -b*y + 49 = -23. What is the tens digit of y?
3
Suppose -g - t + 953 = 0, 3*g - 5*t - 2503 = 372. What is the units digit of g?
5
Suppose 8*d - 13*d = -40. Suppose -2*r - 5*c = -2*c - 18, -3*r + c + 38 = 0. Suppose -d*x - 64 = -r*x. What is the units digit of x?
6
Let l = -43 - -24. Let d = l - -52. What is the tens digit of d?
3
Let f be (2 + 0)*10/4. Let y be -4 - -144 - (5 + -13 - -4). Suppose f*v - v - y = -4*p, p - 30 = 5*v. What is the tens digit of p?
3
Let y(w) be the second derivative of 5*w**4/12 + w**3/2 + w**2 - 11*w. What is the hundreds digit of y(-6)?
1
Suppose 5 = n + 2. Let q be (0 - -3)*7 - n. What is the units digit of (-40)/(-6)*q/4?
0
Let l = -3 + 6. Suppose 2*t = l - 133. Let m = 95 + t. What is the tens digit of m?
3
Let t be (-2)/2*9*3. Let k = 3 - t. Let v = -16 + k. What is the tens digit of v?
1
What is the units digit of 2*(-20)/(-8)*1032/10?
6
Suppose 2*b + 194 = 3*a, b - 485 = 6*b + 3*a. What is the tens digit of 3 + (-4 - -1 - b)?
9
Suppose 52 + 8 = -3*z. Let b = 39 + z. What is the tens digit of b?
1
Let s = 4 - 0. Suppose -g + 3*g = s*n + 10, 5*g = -5. Let c(x) = -2*x + 3. What is the units digit of c(n)?
9
Let x(i) = i**3 + 9*i**2 - 8*i - 5. Let j(f) = f**3 + 10*f**2 - 9*f - 5. Let k(n) = -3*j(n) + 4*x(n). What is the tens digit of k(-6)?
2
Let g(h) = -146*h - 49. What is the hundreds digit of g(-6)?
8
Let o = 39 + -36. Suppose -s + 44 = -t, -2*s + 93 = -o*t - 0*t. What is the units digit of s?
9
Suppose n + s - 3970 = 850, -19248 = -4*n + 4*s. What is the tens digit of n?
1
What is the thousands digit of 231 + 1362 - (6 - 0/1)?
1
Let n = -7 + 9. Suppose f = n + 35. What is the tens digit of f?
3
What is the units digit of (-248 + 29)*(-23)/3?
9
Suppose 0 = -3*l + 2*o + 13, -4*o + 4 = 4*l. What is the units digit of 4/l*-3 - -67?
3
Suppose 2*l = -5*g + 6911, -2*l = -4*g + 7269 - 1733. What is the units digit of g?
3
Let l(h) be the first derivative of -h**4/4 + 2*h**3 + 7*h**2 + 2*h - 21. What is the units digit of l(6)?
6
Let x = 413 + -285. Let h = x + -72. What is the units digit of h?
6
Suppose -2*y + 2233 = j, -4*y - 4458 = -17*j + 15*j. What is the thousands digit of j?
2
Let i be (-4)/20 + (-42)/(-10). Suppose -i = y - 4*w, 2*y + 0 = 3*w + 2. Suppose 6*k - k - 39 = -2*x, -67 = -y*x + k. What is the units digit of x?
7
Let l = 2978 - 1621. What is the units digit of l?
7
Suppose h - 2*h + 51 = -r, 188 = 3*h + 4*r. Let s = h + 6. What is the units digit of s?
2
Let g = -27 + 41. Let z = -11 + g. Suppose -9*j = -z*j - 228. What is the units digit of j?
8
What is the units digit of 73*18 - (-12 - -20)?
6
What is the thousands digit of 2442 - (-5 - 72/(-6))?
2
Let k(d) = 5*d + 5. Let y be k(5). Let c be (y/(-25))/((-2)/5). Let p(r) = 6*r + 4. What is the units digit of p(c)?
2
Suppose -3*u = 4*w - 1076, 0*u + 2*u - 708 = 2*w. What is the units digit of u?
6
Let t be -1*8/(-12) + (-132)/9. Let u = t - -26. What is the units digit of u?
2
Suppose -2*z + 688 = 3*x, -10*z + 9*z = -3*x + 673. What is the hundreds digit of x?
2
Let u(t) = 376*t. What is the tens digit of u(1)?
7
Suppose -26*x + 20994 = -27210. What is the thousands digit of x?
1
Let o(d) = d**3 + 12*d**2 - 13*d - 11. Let u be o(-13). Let g = u + 143. What is the hundreds digit of g?
1
Suppose z - f = -0*z - 3, -3*z - 4*f + 26 = 0. Suppose 5*x + z*m = -3, 0*m + 15 = -x - 4*m. What is the units digit of x?
1
Suppose 2*y - 1 = 305. Suppose 0 = 4*j - 3*k - y, j - 12 = 3*k + 24. Suppose -5*w + 21 = -j. What is the tens digit of w?
1
Let t be (-5 - 2)/((3/4)/(-3)). Suppose 11*y - 12*y + t = 0. What is the tens digit of y?
2
Let v = 421 + 1477. What is the thousands digit of v?
1
Let p(n) = n**2 + 21*n - 26. Let x be p(15). Suppose 13*q - x = 955. What is the tens digit of q?
1
Let q = 412 - 214. Let k = 311 - q. What is the units digit of k?
3
Let s(l) = -l**3 + l**2 + 2*l - 4. Let t be s(-3). Suppose 8*n - 3*n = 4*i - t, 3*i = -3*n + 6. What is the units digit of 8 - (-2 - (i + -2))?
2
What is the tens digit of (5158/6 + 0)/(4/12)?
7
Let f(s) = s**3 - 2*s + 243. What is the hundreds digit of f(0)?
2
Let w = 144 + 113. What is the hundreds digit of w?
2
Let s(o) = o**3 + 19*o**2 - 22*o - 32. Let j be s(-20). Let x(z) = z**3 - 4*z**2 - 2*z - 3. What is the units digit of x(j)?
7
Suppose b - 111 + 22 = 0. What is the units digit of b?
9
Let g(i) be the third derivative of -5/2*i**3 + 0 + 1/120*i**6 - 4*i**2 + 0*i - 4/15*i**5 + 17/24*i**4. What is the tens digit of g(15)?
1
Let z be 762/2*(-4)/(-12). Suppose 376 - z = 3*m. Let j = -48 + m. What is the 